 = -33 + i. What is the tens digit of t?
2
Suppose -3*o - 3 + 12 = 0. Let a(l) = 18*l - 8. Let j(u) = 90*u - 41. Let x(h) = 11*a(h) - 2*j(h). What is the tens digit of x(o)?
4
Suppose -2*m + b + 2*b = -4133, -m - 4*b + 2094 = 0. What is the hundreds digit of m?
0
Let n be 4/(-8)*-12 + -1. Suppose 0*a + n*g = -a + 83, -2*g + 223 = 3*a. What is the units digit of a?
3
Let v(a) = 16*a + 10. Let n be v(5). Suppose -2*c - m = -49, -3*c + 8*c - n = 4*m. Let f = 74 - c. What is the tens digit of f?
5
Let i(h) = 69*h**3 + 2*h**2 - 7*h + 5. What is the units digit of i(2)?
1
Let m(p) = p**3 + 5. Let o = 0 + 0. Suppose -j + 5*j = o. What is the units digit of m(j)?
5
Let n(x) be the first derivative of 2 - 1/3*x**3 + x**2 + 11/2*x**4 - 2*x. What is the units digit of n(1)?
1
Let n(b) = -2*b**3 - 16*b**2 + 15*b + 30. What is the tens digit of n(-12)?
0
Let c(q) = -q**3 - 14*q**2 + 12*q - 9. Let d be c(-15). What is the units digit of (d/8)/((-2)/(-24))?
4
Suppose q - 2*q + 4 = 0. Suppose -66 - 14 = -q*i. Suppose -a = -p + 4, p + a + 2*a = i. What is the units digit of p?
8
Let t(z) = -2*z**3 - 4*z**2 - 6*z + 5. What is the tens digit of t(-3)?
4
Let h = -346 + 986. What is the hundreds digit of h?
6
Suppose 10*g - 408 = 8*g. Suppose 0 = 4*l - g - 188. What is the tens digit of l?
9
Suppose 0 = -b - 19*u + 18*u + 1894, 5*b = -4*u + 9466. What is the units digit of b?
0
Let b(l) = -10 - 18*l + 6 + l. What is the hundreds digit of b(-7)?
1
Let z = 219 + -113. Let r = z + -34. What is the tens digit of r?
7
Let k = -8 + 10. Let w be ((-2)/(-4))/(k/12). Suppose 6*n = 2*n + w*o + 83, 0 = -3*n - o + 46. What is the tens digit of n?
1
Let b(s) = 8*s + 4*s**2 - s + 0*s**2 - s**3 + 2 + s**2. What is the units digit of b(6)?
8
Suppose -4*m - d = 1, -1 = -3*m + 5*d + 4. Suppose 0 = -2*t - m*t + p + 175, -3*p + 9 = 0. What is the tens digit of t?
8
What is the hundreds digit of (1 + (-2769)/(-9))/(2/3)?
4
Let i = -823 - -1463. What is the units digit of i?
0
Suppose j - 11 = 2*m, 2*j + m - 17 = -2*j. Suppose -f = 2*t - 140 - 124, -j*t - f + 666 = 0. What is the units digit of t?
4
Let t = 911 + 814. What is the tens digit of t?
2
What is the tens digit of (-63)/168 + 3177/24?
3
Let h = 16 + -11. Suppose 4 = -h*l + 139. Let r = l - -1. What is the tens digit of r?
2
Let u(n) be the second derivative of -10*n + 0 + 13/12*n**4 - 1/2*n**3 + 0*n**2. What is the tens digit of u(2)?
4
Let m(t) = 27*t - 7. Suppose 12 = r - u - 2*u, 0 = -5*r - 5*u. Let n be m(r). Suppose -3*s + 97 = -n. What is the tens digit of s?
5
Suppose -4*o = -16, 2*o + 6 = 5*w + 4. Suppose x - 4 = -w. Suppose h = x*b - 44, -2*h + 28 = 2*b + h. What is the units digit of b?
0
What is the hundreds digit of ((-1050)/(-875))/(6/5350)?
0
Suppose 4*t = -2*n + 602, 6*t + 2*n = t + 751. Let l(m) = 5*m**2 - 4*m + 5. Let y be l(-6). Let o = y - t. What is the tens digit of o?
6
What is the units digit of (-39*1)/((-1)/(804/36))?
1
Suppose 3*x + 0*x - 30 = 0. Let f be ((-56)/(-7))/(2/x). Suppose -5*l - 97 = -2*c - f, c - 5*l - 31 = 0. What is the units digit of c?
6
Suppose -3*s = -i - 2169, 0*s - 3*s + 2178 = 2*i. What is the tens digit of s?
2
Let l be (9 - 2) + (5 - (-27)/(-3)). Suppose -4*x = -16, -13*p - l*x = -10*p - 90. What is the units digit of p?
6
Let o(r) = 52*r - 5. Let q be 2/6 - 32/(-12). What is the tens digit of o(q)?
5
Let p = 1662 - 876. What is the units digit of p?
6
Let r = -249 - -538. What is the hundreds digit of r?
2
Let o = -10 + 13. Suppose 8*k + 75 = o*k. What is the tens digit of (14/(-5))/(3/k)?
1
Let n(q) = 260*q - 252. Let d(u) = -29*u + 28. Let c(r) = -28*d(r) - 3*n(r). Let i(s) = 11*s - 9. Let v(t) = -3*c(t) + 10*i(t). What is the units digit of v(2)?
2
Suppose 2*q - 5*g = 150, 4*q + g - 163 = 181. Suppose u - q - 14 = -m, 483 = 5*u + 2*m. What is the tens digit of u?
9
Let d(v) = -v**2 - 3*v + 18. Let b be d(-6). Suppose b = -2*h - 2*h - 12, -h - 69 = -g. What is the tens digit of g?
6
Let h(b) = b**3 - 7*b**2 + 6*b - 6. Let q be h(6). Suppose -z + 3*z - 5*l + 53 = 0, -3*z - 4*l - 45 = 0. Let v = q - z. What is the units digit of v?
3
Suppose d - 519 = -a, 0 = 3*a - 5*d - 2256 + 731. What is the tens digit of a?
1
Suppose -2 = -l, -l - 4*l = 4*o + 634. Let y = 253 + o. What is the tens digit of y?
9
Let a = -347 - -390. What is the units digit of a?
3
Let y(u) = 3*u - 5. Let v be y(3). Suppose v = -2*t + 82. What is the tens digit of t?
3
Suppose 3*z - 12 = -3*p - 3, 2*p = -4*z + 10. Suppose u - 4*r = 95 + 136, 0 = 5*u - z*r - 1245. What is the hundreds digit of u?
2
What is the units digit of (-4*15/180)/(2/(-90))?
5
Let j(k) = -k**3 + 7*k**2 - 11. Let d be (-4)/6 + (-210)/(-45). Let v be (1/2)/(d/48). What is the tens digit of j(v)?
2
Suppose -60150 = -14*p - 16*p. What is the tens digit of p?
0
Let b = 1290 - 891. What is the hundreds digit of b?
3
Let p(j) = 2 - 5 - 63*j + 81*j. What is the units digit of p(9)?
9
Let j = -584 + 1366. What is the tens digit of j?
8
Suppose -4*h + 1829 = 3*l, 2*l - l - h = 612. What is the tens digit of l?
1
Suppose -956 = -m - 674. What is the units digit of m?
2
What is the thousands digit of (-6)/24 + 15565/4 + -1?
3
Suppose 0 = -4*f + 5*g + 400, -2*f + 100 = -4*g - 94. What is the hundreds digit of f?
1
Let b = -9 + 2. Let k(f) = 3*f**3 - 14*f**2 + 10. Let r(s) = 7*s**3 - 30*s**2 - s + 20. Let w(n) = 9*k(n) - 4*r(n). What is the units digit of w(b)?
1
Let v = 1256 - -136. What is the thousands digit of v?
1
Let p be 1/((-2)/(1 - -1)). Let c = p - -1. Suppose 3*x = 2*j + 74 + 7, c = x + 2*j - 19. What is the tens digit of x?
2
What is the hundreds digit of 1*(30/9)/((-12)/(-4302))?
1
Let r be 6/(-10) - (-156)/60. Suppose -r*w + 161 = -93. What is the hundreds digit of w?
1
Let a(r) = 3*r**2 - 13*r + 9. Let z(o) = -o**2 + 7*o - 4. Let y(s) = 2*a(s) + 5*z(s). Let g = -1 - 11. What is the tens digit of y(g)?
3
Let k(m) = m**2 + 4*m - 6. Let l = 29 - 15. Let y = -21 + l. What is the units digit of k(y)?
5
Let c be (-4 + 2)*6/12. What is the tens digit of (c + 2)*2*(-435)/(-6)?
4
Let f(z) = z**3 - 3*z**2 - 3*z + 1. Let p be f(4). Suppose -34 = -p*k + 2*a, -k - a - 1 = -5. What is the units digit of k/(-4)*14/(-21)?
1
Suppose 2*r + 8 = 26. Let a = 15 + r. What is the units digit of a?
4
Let w = 451 - -1212. What is the hundreds digit of w?
6
Let r(d) = 1811*d**3 - 6*d**2 - 2*d + 8. What is the tens digit of r(1)?
1
Let i = 1039 - 542. What is the hundreds digit of i?
4
Let y(m) = m + 5. Let o be y(9). Let w = 24 - o. Suppose 3*c - w = 17. What is the units digit of c?
9
Suppose -3*y + v + 79 = 7, 96 = 4*y + v. What is the tens digit of 60*(-2)/(y/(-20))?
0
Suppose 18381 + 21109 = 11*i. What is the units digit of i?
0
What is the hundreds digit of 6 + 2 + (-18690)/(-14)?
3
Let o be (-2 + 2)/(9 + -8). Suppose 21*a - 24*a + 651 = o. What is the hundreds digit of a?
2
Let w be (-3 + 0)*40/12. What is the units digit of -110*((-16)/w)/(-4)?
4
Let q = -196 - -501. What is the tens digit of q?
0
Let w(g) = g**3 + 19*g**2 + 10*g - 8. Let i be w(-18). Suppose 0 = 5*o - i - 154. Suppose p = -3*r + 2*r + o, 2*r = -3*p + 179. What is the tens digit of p?
6
Suppose -6 = -t - h - 3*h, -21 = -t + h. Let z = -3 + t. What is the units digit of z?
5
Let k(t) = t**3 - 7*t**2 - 8*t. Let m be k(8). Suppose m = -0*g + 5*g - 200. Let y = g - 5. What is the units digit of y?
5
Suppose 20*o - 25*o - 5 = 0, 0 = 5*y + 2*o - 5583. What is the hundreds digit of y?
1
Let o(n) = n**3 + 23*n**2 - 47*n + 3. What is the tens digit of o(-15)?
0
What is the units digit of (-591)/((8 - 2)/(-6))?
1
Suppose 2*g + 0*m + 208 = -m, 2*g = -4*m - 220. Let s = g - -241. What is the hundreds digit of s?
1
Suppose -443 = -6*h + 9709. What is the tens digit of h?
9
Let v be -15*(-5)/10*4/(-2). Let k = 33 - v. What is the units digit of k?
8
Let o(q) = q**3 + q**2 + q. Let p(k) = 4*k**2 - 4*k - 7. Let z(n) = o(n) - p(n). What is the units digit of z(7)?
8
Suppose 3*h - 48 = -h. Suppose -3*g + 10 = -k - 0, -3*k = h. Let v(q) = 9*q + 1. What is the units digit of v(g)?
9
Let i be (8/10)/(4/10). Let y(x) = 5*x + 19*x**i + 9*x**2 - 27*x**2 + 16. What is the units digit of y(-8)?
0
Let v = -674 + 1139. Suppose -3*j - v = -6*j. Suppose -4*f = -12, 4*g - f - j = -30. What is the tens digit of g?